Last updated on 2025-10-26 00:49:00 CEST.
| Flavor | Version | Tinstall | Tcheck | Ttotal | Status | Flags |
|---|---|---|---|---|---|---|
| r-devel-linux-x86_64-debian-clang | 1.2 | 2.17 | 22.36 | 24.53 | NOTE | |
| r-devel-linux-x86_64-debian-gcc | 1.2 | 1.41 | 18.51 | 19.92 | NOTE | |
| r-devel-linux-x86_64-fedora-clang | 1.2 | 36.42 | OK | |||
| r-devel-linux-x86_64-fedora-gcc | 1.2 | 33.41 | OK | |||
| r-devel-windows-x86_64 | 1.2 | 3.00 | 48.00 | 51.00 | OK | |
| r-patched-linux-x86_64 | 1.2 | 2.41 | 21.27 | 23.68 | OK | |
| r-release-linux-x86_64 | 1.2 | 2.02 | 21.35 | 23.37 | OK | |
| r-release-macos-arm64 | 1.2 | 2.00 | 19.00 | 21.00 | OK | |
| r-release-macos-x86_64 | 1.2 | 4.00 | 31.00 | 35.00 | OK | |
| r-release-windows-x86_64 | 1.2 | 3.00 | 54.00 | 57.00 | OK | |
| r-oldrel-macos-arm64 | 1.2 | 1.00 | 17.00 | 18.00 | NOTE | |
| r-oldrel-macos-x86_64 | 1.2 | 3.00 | 26.00 | 29.00 | NOTE | |
| r-oldrel-windows-x86_64 | 1.2 | 4.00 | 55.00 | 59.00 | NOTE |
Version: 1.2
Check: CRAN incoming feasibility
Result: NOTE
Maintainer: ‘Jose Brito <jambrito@gmail.com>’
No Authors@R field in DESCRIPTION.
Please add one, modifying
Authors@R: c(person(given = "Jose",
family = "Brito",
role = c("aut", "cre"),
email = "jambrito@gmail.com"),
person(given = "Pedro",
family = "Silva",
role = "aut"),
person(given = "Tomas",
family = "Veiga",
role = "aut"))
as necessary.
Flavors: r-devel-linux-x86_64-debian-clang, r-devel-linux-x86_64-debian-gcc
Version: 1.2
Check: LazyData
Result: NOTE
'LazyData' is specified without a 'data' directory
Flavors: r-oldrel-macos-arm64, r-oldrel-macos-x86_64, r-oldrel-windows-x86_64