Last updated on 2025-10-26 00:49:01 CEST.
| Flavor | Version | Tinstall | Tcheck | Ttotal | Status | Flags | 
|---|---|---|---|---|---|---|
| r-devel-linux-x86_64-debian-clang | 0.1.2 | 56.16 | 57.70 | 113.86 | WARN | |
| r-devel-linux-x86_64-debian-gcc | 0.1.2 | 33.82 | 43.56 | 77.38 | WARN | |
| r-devel-linux-x86_64-fedora-clang | 0.1.2 | 201.00 | 5.48 | 206.48 | NOTE | |
| r-devel-linux-x86_64-fedora-gcc | 0.1.2 | 75.00 | 102.78 | 177.78 | NOTE | |
| r-devel-windows-x86_64 | 0.1.2 | 63.00 | 86.00 | 149.00 | NOTE | |
| r-patched-linux-x86_64 | 0.1.2 | 55.25 | 53.68 | 108.93 | NOTE | |
| r-release-linux-x86_64 | 0.1.2 | 55.53 | 55.23 | 110.76 | NOTE | |
| r-release-macos-arm64 | 0.1.2 | 20.00 | 30.00 | 50.00 | NOTE | |
| r-release-macos-x86_64 | 0.1.2 | 24.00 | 52.00 | 76.00 | NOTE | |
| r-release-windows-x86_64 | 0.1.2 | 63.00 | 89.00 | 152.00 | NOTE | |
| r-oldrel-macos-arm64 | 0.1.2 | 20.00 | 27.00 | 47.00 | NOTE | |
| r-oldrel-macos-x86_64 | 0.1.2 | 19.00 | 41.00 | 60.00 | NOTE | |
| r-oldrel-windows-x86_64 | 0.1.2 | 77.00 | 108.00 | 185.00 | NOTE | 
Version: 0.1.2
Check: CRAN incoming feasibility
Result: NOTE
  Maintainer: ‘Ethan Alt <ethanalt@live.unc.edu>’
  
  No Authors@R field in DESCRIPTION.
  Please add one, modifying
    Authors@R: person(given = "Ethan",
                      family = "Alt",
                      role = c("aut", "cre"),
                      email = "ethanalt@live.unc.edu")
  as necessary.
Flavors: r-devel-linux-x86_64-debian-clang, r-devel-linux-x86_64-debian-gcc
Version: 0.1.2
Check: whether package can be installed
Result: WARN
  Found the following significant warnings:
    /home/hornik/tmp/R.check/r-devel-clang/Work/build/Packages/RcppArmadillo/include/RcppArmadillo/version/arma.h:66:17: warning: Using fallback compilation with Armadillo 14.6.3. Please consider defining -DARMA_USE_CURRENT and also removing C++11 compilation directive. See GitHub issue #475 for more. [-W#pragma-messages]
  See ‘/home/hornik/tmp/R.check/r-devel-clang/Work/PKGS/surbayes.Rcheck/00install.out’ for details.
  * used C++ compiler: ‘Debian clang version 19.1.7 (7)’
Flavor: r-devel-linux-x86_64-debian-clang
Version: 0.1.2
Check: C++ specification
Result: NOTE
    Specified C++11: please drop specification unless essential
Flavors: r-devel-linux-x86_64-debian-clang, r-devel-linux-x86_64-debian-gcc, r-devel-linux-x86_64-fedora-clang, r-devel-linux-x86_64-fedora-gcc, r-devel-windows-x86_64, r-patched-linux-x86_64, r-release-linux-x86_64, r-release-macos-arm64, r-release-macos-x86_64, r-release-windows-x86_64, r-oldrel-macos-arm64, r-oldrel-macos-x86_64, r-oldrel-windows-x86_64
Version: 0.1.2
Check: whether package can be installed
Result: WARN
  Found the following significant warnings:
    /home/hornik/tmp/R.check/r-devel-gcc/Work/build/Packages/RcppArmadillo/include/RcppArmadillo/version/arma.h:66:199: note: ‘#pragma message: Using fallback compilation with Armadillo 14.6.3. Please consider defining -DARMA_USE_CURRENT and also removing C++11 compilation directive. See GitHub issue #475 for more.’
  See ‘/home/hornik/tmp/R.check/r-devel-gcc/Work/PKGS/surbayes.Rcheck/00install.out’ for details.
  * used C++ compiler: ‘g++-15 (Debian 15.2.0-4) 15.2.0’
Flavor: r-devel-linux-x86_64-debian-gcc