Last updated on 2025-10-26 00:49:01 CEST.
| Flavor | Version | Tinstall | Tcheck | Ttotal | Status | Flags | 
|---|---|---|---|---|---|---|
| r-devel-linux-x86_64-debian-clang | 1.1.0 | 12.46 | 106.46 | 118.92 | NOTE | |
| r-devel-linux-x86_64-debian-gcc | 1.1.0 | 8.07 | 79.56 | 87.63 | NOTE | |
| r-devel-linux-x86_64-fedora-clang | 1.1.0 | 63.00 | 132.50 | 195.50 | OK | |
| r-devel-linux-x86_64-fedora-gcc | 1.1.0 | 23.00 | 145.87 | 168.87 | OK | |
| r-devel-windows-x86_64 | 1.1.0 | 14.00 | 107.00 | 121.00 | OK | |
| r-patched-linux-x86_64 | 1.1.0 | 12.63 | 100.78 | 113.41 | OK | |
| r-release-linux-x86_64 | 1.1.0 | 11.44 | 100.02 | 111.46 | OK | |
| r-release-macos-arm64 | 1.1.0 | 5.00 | 39.00 | 44.00 | OK | |
| r-release-macos-x86_64 | 1.1.0 | 9.00 | 82.00 | 91.00 | OK | |
| r-release-windows-x86_64 | 1.1.0 | 15.00 | 107.00 | 122.00 | OK | |
| r-oldrel-macos-arm64 | 1.1.0 | 5.00 | 40.00 | 45.00 | OK | |
| r-oldrel-macos-x86_64 | 1.1.0 | 8.00 | 71.00 | 79.00 | OK | |
| r-oldrel-windows-x86_64 | 1.1.0 | 19.00 | 136.00 | 155.00 | OK | 
Version: 1.1.0
Check: CRAN incoming feasibility
Result: NOTE
  Maintainer: ‘Rong Huang <roh019@ucsd.edu>’
  
  No Authors@R field in DESCRIPTION.
  Please add one, modifying
    Authors@R: c(person(given = "Rong",
                        family = "Huang",
                        role = c("aut", "cre"),
                        email = "roh019@ucsd.edu"),
                 person(given = "Ronghui",
                        family = "Xu",
                        role = "aut",
                        comment = "Lily"))
  as necessary.
Flavors: r-devel-linux-x86_64-debian-clang, r-devel-linux-x86_64-debian-gcc