Last updated on 2025-10-26 00:49:01 CEST.
| Flavor | Version | Tinstall | Tcheck | Ttotal | Status | Flags |
|---|---|---|---|---|---|---|
| r-devel-linux-x86_64-debian-clang | 0.0-2 | 29.81 | 27.47 | 57.28 | NOTE | |
| r-devel-linux-x86_64-debian-gcc | 0.0-2 | 18.40 | 22.76 | 41.16 | NOTE | |
| r-devel-linux-x86_64-fedora-clang | 0.0-2 | 207.00 | -93.65 | 113.35 | NOTE | |
| r-devel-linux-x86_64-fedora-gcc | 0.0-2 | 52.00 | 36.45 | 88.45 | NOTE | |
| r-devel-windows-x86_64 | 0.0-2 | 37.00 | 57.00 | 94.00 | NOTE | |
| r-patched-linux-x86_64 | 0.0-2 | 29.37 | 25.56 | 54.93 | NOTE | |
| r-release-linux-x86_64 | 0.0-2 | 27.58 | 25.99 | 53.57 | NOTE | |
| r-release-macos-arm64 | 0.0-2 | 18.00 | 24.00 | 42.00 | NOTE | |
| r-release-macos-x86_64 | 0.0-2 | 13.00 | 33.00 | 46.00 | NOTE | |
| r-release-windows-x86_64 | 0.0-2 | 39.00 | 64.00 | 103.00 | NOTE | |
| r-oldrel-macos-arm64 | 0.0-2 | 14.00 | 17.00 | 31.00 | NOTE | |
| r-oldrel-macos-x86_64 | 0.0-2 | 16.00 | 30.00 | 46.00 | NOTE | |
| r-oldrel-windows-x86_64 | 0.0-2 | 40.00 | 75.00 | 115.00 | NOTE |
Version: 0.0-2
Check: CRAN incoming feasibility
Result: NOTE
Maintainer: ‘Michael Komodromos <mk1019@ic.ac.uk>’
No Authors@R field in DESCRIPTION.
Please add one, modifying
Authors@R: person(given = "Michael",
family = "Komodromos",
role = c("aut", "cre"),
email = "mk1019@ic.ac.uk")
as necessary.
The Description field contains
information see Komodromos et al. (2021) <arXiv:2112.10270>.
Please refer to arXiv e-prints via their arXiv DOI <doi:10.48550/arXiv.YYMM.NNNNN>.
Flavors: r-devel-linux-x86_64-debian-clang, r-devel-linux-x86_64-debian-gcc
Version: 0.0-2
Check: C++ specification
Result: NOTE
Specified C++11: please drop specification unless essential
Flavors: r-devel-linux-x86_64-debian-clang, r-devel-linux-x86_64-debian-gcc, r-devel-linux-x86_64-fedora-clang, r-devel-linux-x86_64-fedora-gcc, r-devel-windows-x86_64, r-patched-linux-x86_64, r-release-linux-x86_64, r-release-macos-arm64, r-release-macos-x86_64, r-release-windows-x86_64, r-oldrel-macos-arm64, r-oldrel-macos-x86_64, r-oldrel-windows-x86_64