Last updated on 2025-10-26 00:49:01 CEST.
| Flavor | Version | Tinstall | Tcheck | Ttotal | Status | Flags | 
|---|---|---|---|---|---|---|
| r-devel-linux-x86_64-debian-clang | 1.1 | 8.18 | 75.79 | 83.97 | NOTE | |
| r-devel-linux-x86_64-debian-gcc | 1.1 | 6.11 | 54.43 | 60.54 | NOTE | |
| r-devel-linux-x86_64-fedora-clang | 1.1 | 34.00 | 101.53 | 135.53 | OK | |
| r-devel-linux-x86_64-fedora-gcc | 1.1 | 17.00 | 102.25 | 119.25 | OK | |
| r-devel-windows-x86_64 | 1.1 | 8.00 | 88.00 | 96.00 | OK | |
| r-patched-linux-x86_64 | 1.1 | 7.65 | 72.91 | 80.56 | OK | |
| r-release-linux-x86_64 | 1.1 | 8.12 | 71.79 | 79.91 | OK | |
| r-release-macos-arm64 | 1.1 | 4.00 | 35.00 | 39.00 | OK | |
| r-release-macos-x86_64 | 1.1 | 8.00 | 72.00 | 80.00 | OK | |
| r-release-windows-x86_64 | 1.1 | 8.00 | 92.00 | 100.00 | OK | |
| r-oldrel-macos-arm64 | 1.1 | 4.00 | 33.00 | 37.00 | OK | |
| r-oldrel-macos-x86_64 | 1.1 | 6.00 | 49.00 | 55.00 | OK | |
| r-oldrel-windows-x86_64 | 1.1 | 12.00 | 112.00 | 124.00 | OK | 
Version: 1.1
Check: CRAN incoming feasibility
Result: NOTE
  Maintainer: ‘Johannes Ossberger <johannes.ossberger@gmail.com>’
  
  No Authors@R field in DESCRIPTION.
  Please add one, modifying
    Authors@R: person(given = "Johannes",
                      family = "Ossberger",
                      role = c("aut", "cre"),
                      email = "johannes.ossberger@gmail.com")
  as necessary.
Flavors: r-devel-linux-x86_64-debian-clang, r-devel-linux-x86_64-debian-gcc