Last updated on 2025-10-26 13:50:12 CET.
| Flavor | Version | Tinstall | Tcheck | Ttotal | Status | Flags |
|---|---|---|---|---|---|---|
| r-devel-linux-x86_64-debian-clang | 1.0.1 | 2.09 | 25.06 | 27.15 | NOTE | |
| r-devel-linux-x86_64-debian-gcc | 1.0.1 | 1.54 | 20.58 | 22.12 | NOTE | |
| r-devel-linux-x86_64-fedora-clang | 1.0.1 | 12.00 | 28.05 | 40.05 | NOTE | |
| r-devel-linux-x86_64-fedora-gcc | 1.0.1 | 36.95 | NOTE | |||
| r-devel-windows-x86_64 | 1.0.1 | 4.00 | 45.00 | 49.00 | OK | |
| r-patched-linux-x86_64 | 1.0.1 | 2.40 | 22.84 | 25.24 | OK | |
| r-release-linux-x86_64 | 1.0.1 | 2.14 | 23.04 | 25.18 | OK | |
| r-release-macos-arm64 | 1.0.1 | 2.00 | 18.00 | 20.00 | OK | |
| r-release-macos-x86_64 | 1.0.1 | 2.00 | 26.00 | 28.00 | OK | |
| r-release-windows-x86_64 | 1.0.1 | 4.00 | 48.00 | 52.00 | OK | |
| r-oldrel-macos-arm64 | 1.0.1 | 1.00 | 17.00 | 18.00 | OK | |
| r-oldrel-macos-x86_64 | 1.0.1 | 2.00 | 31.00 | 33.00 | OK | |
| r-oldrel-windows-x86_64 | 1.0.1 | 6.00 | 51.00 | 57.00 | OK |
Version: 1.0.1
Check: CRAN incoming feasibility
Result: NOTE
Maintainer: ‘Abedrahim Ben rebia <b.abedrahim@tomba.io>’
No Authors@R field in DESCRIPTION.
Please add one, modifying
Authors@R: c(person(given = c("Abedrahim", "Ben"),
family = "rebia",
role = c("ctb", "aut", "cre"),
email = "b.abedrahim@tomba.io"),
person(family = "Tomba.io",
role = c("cph", "aut")))
as necessary.
Flavors: r-devel-linux-x86_64-debian-clang, r-devel-linux-x86_64-debian-gcc
Version: 1.0.1
Check: dependencies in R code
Result: NOTE
Namespace in Imports field not imported from: ‘testthat’
All declared Imports should be used.
Flavors: r-devel-linux-x86_64-fedora-clang, r-devel-linux-x86_64-fedora-gcc