Last updated on 2025-10-26 13:50:12 CET.
| Flavor | Version | Tinstall | Tcheck | Ttotal | Status | Flags |
|---|---|---|---|---|---|---|
| r-devel-linux-x86_64-debian-clang | 1.1.0 | 7.51 | 60.87 | 68.38 | OK | |
| r-devel-linux-x86_64-debian-gcc | 1.1.0 | 4.90 | 43.61 | 48.51 | OK | |
| r-devel-linux-x86_64-fedora-clang | 1.1.0 | 42.00 | 69.30 | 111.30 | OK | |
| r-devel-linux-x86_64-fedora-gcc | 1.1.0 | 21.00 | 81.14 | 102.14 | OK | |
| r-devel-windows-x86_64 | 1.1.0 | 9.00 | 77.00 | 86.00 | OK | |
| r-patched-linux-x86_64 | 1.1.0 | 6.42 | 55.66 | 62.08 | OK | |
| r-release-linux-x86_64 | 1.1.0 | 5.63 | 56.63 | 62.26 | OK | |
| r-release-macos-arm64 | 1.1.0 | 3.00 | 29.00 | 32.00 | OK | |
| r-release-macos-x86_64 | 1.1.0 | 6.00 | 50.00 | 56.00 | OK | |
| r-release-windows-x86_64 | 1.1.0 | 9.00 | 78.00 | 87.00 | OK | |
| r-oldrel-macos-arm64 | 1.1.0 | 3.00 | 29.00 | 32.00 | NOTE | |
| r-oldrel-macos-x86_64 | 1.1.0 | 8.00 | 68.00 | 76.00 | NOTE | |
| r-oldrel-windows-x86_64 | 1.1.0 | 12.00 | 89.00 | 101.00 | NOTE |
Version: 1.1.0
Check: package dependencies
Result: NOTE
Packages suggested but not available for checking: 'rrelaxiv', 'gurobi'
Flavors: r-oldrel-macos-arm64, r-oldrel-macos-x86_64, r-oldrel-windows-x86_64