Last updated on 2025-10-26 00:49:04 CEST.
| Flavor | Version | Tinstall | Tcheck | Ttotal | Status | Flags | 
|---|---|---|---|---|---|---|
| r-devel-linux-x86_64-debian-clang | 1.0.0 | 35.34 | 144.45 | 179.79 | NOTE | |
| r-devel-linux-x86_64-debian-gcc | 1.0.0 | 23.58 | 101.98 | 125.56 | NOTE | |
| r-devel-linux-x86_64-fedora-clang | 1.0.0 | 231.00 | 70.49 | 301.49 | NOTE | |
| r-devel-linux-x86_64-fedora-gcc | 1.0.0 | 98.00 | 187.84 | 285.84 | NOTE | |
| r-devel-windows-x86_64 | 1.0.0 | 41.00 | 156.00 | 197.00 | NOTE | |
| r-patched-linux-x86_64 | 1.0.0 | 34.66 | 136.84 | 171.50 | NOTE | |
| r-release-linux-x86_64 | 1.0.0 | 35.59 | 137.45 | 173.04 | NOTE | |
| r-release-macos-arm64 | 1.0.0 | 14.00 | 51.00 | 65.00 | NOTE | |
| r-release-macos-x86_64 | 1.0.0 | 32.00 | 101.00 | 133.00 | NOTE | |
| r-release-windows-x86_64 | 1.0.0 | 41.00 | 164.00 | 205.00 | NOTE | |
| r-oldrel-macos-arm64 | 1.0.0 | 14.00 | 51.00 | 65.00 | NOTE | |
| r-oldrel-macos-x86_64 | 1.0.0 | 24.00 | 78.00 | 102.00 | NOTE | |
| r-oldrel-windows-x86_64 | 1.0.0 | 50.00 | 211.00 | 261.00 | NOTE | 
Version: 1.0.0
Check: Rd files
Result: NOTE
  checkRd: (-1) tsBSS-package.Rd:23: Lost braces in \itemize; meant \describe ?
  checkRd: (-1) tsBSS-package.Rd:24: Lost braces in \itemize; meant \describe ?
  checkRd: (-1) tsBSS-package.Rd:25: Lost braces in \itemize; meant \describe ?
  checkRd: (-1) tsBSS-package.Rd:26: Lost braces in \itemize; meant \describe ?
  checkRd: (-1) tsBSS-package.Rd:27: Lost braces in \itemize; meant \describe ?
  checkRd: (-1) tsBSS-package.Rd:28: Lost braces in \itemize; meant \describe ?
  checkRd: (-1) tsBSS-package.Rd:34: Lost braces in \itemize; meant \describe ?
Flavors: r-devel-linux-x86_64-debian-clang, r-devel-linux-x86_64-debian-gcc, r-devel-linux-x86_64-fedora-clang, r-devel-linux-x86_64-fedora-gcc, r-devel-windows-x86_64, r-patched-linux-x86_64, r-release-linux-x86_64, r-release-macos-arm64, r-release-macos-x86_64, r-release-windows-x86_64, r-oldrel-macos-arm64, r-oldrel-macos-x86_64, r-oldrel-windows-x86_64