Last updated on 2025-10-26 13:50:13 CET.
| Flavor | Version | Tinstall | Tcheck | Ttotal | Status | Flags |
|---|---|---|---|---|---|---|
| r-devel-linux-x86_64-debian-clang | 1.5 | 5.73 | 53.97 | 59.70 | NOTE | |
| r-devel-linux-x86_64-debian-gcc | 1.5 | 4.21 | 40.65 | 44.86 | NOTE | |
| r-devel-linux-x86_64-fedora-clang | 1.5 | 19.00 | 76.31 | 95.31 | OK | |
| r-devel-linux-x86_64-fedora-gcc | 1.5 | 16.00 | 73.80 | 89.80 | OK | |
| r-devel-windows-x86_64 | 1.5 | 7.00 | 65.00 | 72.00 | OK | |
| r-patched-linux-x86_64 | 1.5 | 5.63 | 52.27 | 57.90 | OK | |
| r-release-linux-x86_64 | 1.5 | 6.26 | 51.96 | 58.22 | OK | |
| r-release-macos-arm64 | 1.5 | 3.00 | 29.00 | 32.00 | OK | |
| r-release-macos-x86_64 | 1.5 | 6.00 | 53.00 | 59.00 | OK | |
| r-release-windows-x86_64 | 1.5 | 8.00 | 65.00 | 73.00 | OK | |
| r-oldrel-macos-arm64 | 1.5 | 3.00 | 27.00 | 30.00 | NOTE | |
| r-oldrel-macos-x86_64 | 1.5 | 4.00 | 41.00 | 45.00 | NOTE | |
| r-oldrel-windows-x86_64 | 1.5 | 11.00 | 77.00 | 88.00 | NOTE |
Version: 1.5
Check: CRAN incoming feasibility
Result: NOTE
Maintainer: ‘Takeshi Emura <takeshiemura@gmail.com>’
No Authors@R field in DESCRIPTION.
Please add one, modifying
Authors@R: c(person(given = "Takeshi",
family = "Emura",
role = c("aut", "cre"),
email = "takeshiemura@gmail.com"),
person(given = "Wei-Chern",
family = "Hsu",
role = "aut"))
as necessary.
Flavors: r-devel-linux-x86_64-debian-clang, r-devel-linux-x86_64-debian-gcc
Version: 1.5
Check: LazyData
Result: NOTE
'LazyData' is specified without a 'data' directory
Flavors: r-oldrel-macos-arm64, r-oldrel-macos-x86_64, r-oldrel-windows-x86_64