CRAN Package Check Results for Package vegperiod

Last updated on 2025-10-26 00:49:04 CEST.

Flavor Version Tinstall Tcheck Ttotal Status Flags
r-devel-linux-x86_64-debian-clang 0.4.0 2.17 25.95 28.12 NOTE
r-devel-linux-x86_64-debian-gcc 0.4.0 1.65 20.99 22.64 NOTE
r-devel-linux-x86_64-fedora-clang 0.4.0 15.00 25.56 40.56 OK
r-devel-linux-x86_64-fedora-gcc 0.4.0 36.54 OK
r-devel-windows-x86_64 0.4.0 4.00 45.00 49.00 OK
r-patched-linux-x86_64 0.4.0 2.28 23.01 25.29 OK
r-release-linux-x86_64 0.4.0 1.71 23.03 24.74 OK
r-release-macos-arm64 0.4.0 1.00 19.00 20.00 OK
r-release-macos-x86_64 0.4.0 2.00 26.00 28.00 OK
r-release-windows-x86_64 0.4.0 5.00 45.00 50.00 OK
r-oldrel-macos-arm64 0.4.0 1.00 15.00 16.00 OK
r-oldrel-macos-x86_64 0.4.0 2.00 22.00 24.00 OK
r-oldrel-windows-x86_64 0.4.0 5.00 52.00 57.00 OK

Check Details

Version: 0.4.0
Check: CRAN incoming feasibility
Result: NOTE Maintainer: ‘Robert Nuske <robert.nuske@mailbox.org>’ Package CITATION file contains call(s) to old-style citEntry(). Please use bibentry() instead. Flavors: r-devel-linux-x86_64-debian-clang, r-devel-linux-x86_64-debian-gcc