Last updated on 2025-10-26 00:49:05 CEST.
| Flavor | Version | Tinstall | Tcheck | Ttotal | Status | Flags | 
|---|---|---|---|---|---|---|
| r-devel-linux-x86_64-debian-clang | 1.4.0 | 2.12 | 27.89 | 30.01 | NOTE | |
| r-devel-linux-x86_64-debian-gcc | 1.4.0 | 1.71 | 22.56 | 24.27 | NOTE | |
| r-devel-linux-x86_64-fedora-clang | 1.4.0 | 14.00 | 30.45 | 44.45 | OK | |
| r-devel-linux-x86_64-fedora-gcc | 1.4.0 | 41.02 | OK | |||
| r-devel-windows-x86_64 | 1.4.0 | 3.00 | 53.00 | 56.00 | OK | |
| r-patched-linux-x86_64 | 1.4.0 | 2.51 | 26.00 | 28.51 | OK | |
| r-release-linux-x86_64 | 1.4.0 | 2.26 | 26.64 | 28.90 | OK | |
| r-release-macos-arm64 | 1.4.0 | 1.00 | 18.00 | 19.00 | OK | |
| r-release-macos-x86_64 | 1.4.0 | 2.00 | 30.00 | 32.00 | OK | |
| r-release-windows-x86_64 | 1.4.0 | 4.00 | 57.00 | 61.00 | OK | |
| r-oldrel-macos-arm64 | 1.4.0 | 1.00 | 21.00 | 22.00 | OK | |
| r-oldrel-macos-x86_64 | 1.4.0 | 2.00 | 23.00 | 25.00 | OK | |
| r-oldrel-windows-x86_64 | 1.4.0 | 3.00 | 52.00 | 55.00 | OK | 
Version: 1.4.0
Check: CRAN incoming feasibility
Result: NOTE
  Maintainer: ‘Korbinian Strimmer <strimmerlab@gmail.com>’
  
  No Authors@R field in DESCRIPTION.
  Please add one, modifying
    Authors@R: c(person(given = "Korbinian",
                        family = "Strimmer",
                        role = c("aut", "cre"),
                        email = "strimmerlab@gmail.com"),
                 person(given = "Takoua",
                        family = "Jendoubi",
                        role = "aut"),
                 person(given = "Agnan",
                        family = "Kessy",
                        role = "aut"),
                 person(given = "Alex",
                        family = "Lewin",
                        role = "aut"))
  as necessary.
Flavors: r-devel-linux-x86_64-debian-clang, r-devel-linux-x86_64-debian-gcc