Last updated on 2025-10-26 00:49:05 CEST.
| Flavor | Version | Tinstall | Tcheck | Ttotal | Status | Flags | 
|---|---|---|---|---|---|---|
| r-devel-linux-x86_64-debian-clang | 2.3-4 | 9.85 | 85.64 | 95.49 | NOTE | |
| r-devel-linux-x86_64-debian-gcc | 2.3-4 | 7.15 | 61.38 | 68.53 | NOTE | |
| r-devel-linux-x86_64-fedora-clang | 2.3-4 | 56.00 | 95.06 | 151.06 | OK | |
| r-devel-linux-x86_64-fedora-gcc | 2.3-4 | 21.00 | 114.15 | 135.15 | OK | |
| r-devel-windows-x86_64 | 2.3-4 | 12.00 | 92.00 | 104.00 | OK | |
| r-patched-linux-x86_64 | 2.3-4 | 7.98 | 79.20 | 87.18 | OK | |
| r-release-linux-x86_64 | 2.3-4 | 8.43 | 79.50 | 87.93 | OK | |
| r-release-macos-arm64 | 2.3-4 | 3.00 | 33.00 | 36.00 | OK | |
| r-release-macos-x86_64 | 2.3-4 | 6.00 | 60.00 | 66.00 | OK | |
| r-release-windows-x86_64 | 2.3-4 | 14.00 | 91.00 | 105.00 | OK | |
| r-oldrel-macos-arm64 | 2.3-4 | 4.00 | 31.00 | 35.00 | OK | |
| r-oldrel-macos-x86_64 | 2.3-4 | 5.00 | 47.00 | 52.00 | OK | |
| r-oldrel-windows-x86_64 | 2.3-4 | 14.00 | 114.00 | 128.00 | OK | 
Version: 2.3-4
Check: CRAN incoming feasibility
Result: NOTE
  Maintainer: ‘Hana Sevcikova <hanas@uw.edu>’
  
  No Authors@R field in DESCRIPTION.
  Please add one, modifying
    Authors@R: person(given = "Hana",
                      family = "Sevcikova",
                      role = c("aut", "cre"),
                      email = "hanas@uw.edu")
  as necessary.
Flavors: r-devel-linux-x86_64-debian-clang, r-devel-linux-x86_64-debian-gcc